.
-26
Let a(q) = -q**3 + 34*q**2 - 33*q - 5. What is a(33)?
-5
Let m(i) = -15*i + 5. What is m(-3)?
50
Let f(p) = -p**2 - 8*p + 5. Give f(-6).
17
Let d(a) = a - 36. Determine d(29).
-7
Let j(n) = -2*n**3 - 15*n**2 - 6*n + 6. What is j(-7)?
-1
Let f(i) = -2*i**3 + 13*i**2 + 21*i - 20. Calculate f(8).
-44
Let t(p) = 8*p + 107. What is t(-12)?
11
Let h(s) = 2*s - 12. Calculate h(3).
-6
Let m(b) = b**2 + 32*b + 81. Calculate m(-27).
-54
Let l(n) = -n**3 + 27*n**2 - 30*n + 66. Give l(26).
-38
Let w(a) = -a**3 + 9*a**2 + 10*a + 7. Give w(10).
7
Let h(w) = 2*w - 44. What is h(19)?
-6
Let c(s) = s**2 - 14*s + 49. Calculate c(6).
1
Let z(q) = q**2 - 2*q - 9. Give z(4).
-1
Let h(l) = l**2 - 13*l + 59. What is h(8)?
19
Let c(x) = -x**2 + 19*x + 115. Give c(-5).
-5
Let n(q) = -q + 29. What is n(19)?
10
Let d(a) = a**3 + 5*a**2 + 4*a + 5. Determine d(-5).
-15
Let m(b) = -40*b - 197. Give m(-5).
3
Let l(f) = -f**2 - 25*f - 88. Determine l(-21).
-4
Let w(a) = 2*a**2 + 17*a + 11. What is w(-8)?
3
Let z(r) = -32*r**2 - 8*r - 6. What is z(-2)?
-118
Let q(p) = -3*p**2 - 99*p + 12. What is q(-33)?
12
Let i(t) = 4*t**3 + 6*t**2 - 5. Give i(-2).
-13
Let c(o) = -2*o**3 + 13*o**2 - 16*o - 9. Determine c(4).
7
Let z(s) = -s**3 - 4*s**2 + s + 8. Give z(-3).
-4
Let d(r) = 6*r + 6. Calculate d(-2).
-6
Let c(f) = f**3 + 7*f**2 + 2*f - 24. Calculate c(-6).
0
Let s(j) = 2*j**3 - 24*j**2 + 6*j - 56. What is s(12)?
16
Let j(v) = -v**3 + 6*v**2 + v + 8. Calculate j(6).
14
Let l(i) = -i**2 - 2*i + 11. Calculate l(0).
11
Let g(q) = -3*q - 8. Calculate g(-4).
4
Let p(w) = -2*w - 12. Give p(-12).
12
Let d(x) = 4*x + 68. What is d(-17)?
0
Let d(p) = -p**3 - 6*p**2 + 9*p + 10. What is d(-7)?
-4
Let o(h) = -h**2 + 26*h - 146. What is o(18)?
-2
Let d(u) = 3*u**2 - 9*u - 23. Give d(6).
31
Let g(w) = -w - 19. Determine g(8).
-27
Let a(y) = -y**2 + 17*y - 47. Give a(7).
23
Let d(h) = 18*h**3 - h**2 + 2*h - 1. Calculate d(1).
18
Let u(q) = 4*q + 4. What is u(3)?
16
Let o(x) = -5*x - 10. Determine o(-2).
0
Let a(s) = -s**2 - 8*s + 7. Determine a(5).
-58
Let s(h) = h**2 - 2*h - 15. Calculate s(0).
-15
Let a(k) = -k**2 + 16*k - 39. Give a(3).
0
Let h(u) = -u**2 + 9*u - 4. Calculate h(10).
-14
Let y(w) = w**3 - 10*w**2 + 19*w + 12. Determine y(7).
-2
Let x(f) = -f**3 + 2*f**2 - f + 7. Calculate x(4).
-29
Let l(g) = -g**2 - 18*g - 28. Determine l(-16).
4
Let f(y) = -3*y + 14. What is f(5)?
-1
Let s(d) = -d**3 + 21*d**2 - 16*d - 39. Determine s(20).
41
Let p(c) = -c**2 - 10*c + 2. Calculate p(-8).
18
Let h(v) = -v**2 - 4*v - 28. Give h(-6).
-40
Let u(s) = 2*s + 20. Calculate u(-23).
-26
Let m(v) = v**3 + 5*v**2 + 3*v + 8. Give m(-5).
-7
Let u(r) = r**3 + 5*r**2 - 2*r - 5. Determine u(-4).
19
Let j(t) = 42*t + 55. Give j(-1).
13
Let z(u) = 5*u + 10. Give z(6).
40
Let t(b) = -2*b**3 + 2*b**2 + 5*b + 2. Calculate t(-3).
59
Let i(u) = u - 8. Determine i(4).
-4
Let a(z) = -z**2 - 24*z + 30. Calculate a(-25).
5
Let y(h) = 2*h + 1. Calculate y(6).
13
Let g(w) = 9*w + 1. Give g(6).
55
Let y(l) = 7*l - 18. Calculate y(8).
38
Let f(l) = -3*l - 18. Calculate f(-7).
3
Let k(u) = -u**2 + 5*u - 4. Calculate k(4).
0
Let z(l) = -3*l + 12. Give z(15).
-33
Let m(i) = -3*i**2 + 13*i + 22. Determine m(-4).
-78
Let d(o) = -o**3 - 9*o**2 + 9*o - 10. Give d(-10).
0
Let f(c) = -4*c - 5. Determine f(-2).
3
Let g(a) = -a**3 - 25*a**2 - 21*a + 59. Determine g(-24).
-13
Let s(b) = b**3 + 42*b**2 + 151*b - 41. What is s(-38)?
-3
Let k(s) = -3*s**2 + 15*s - 1. Determine k(5).
-1
Let g(w) = -w**2 - w + 3. Determine g(0).
3
Let t(i) = -i**3 - 10*i**2 - 6*i + 12. Give t(-9).
-15
Let m(g) = -g**3 + 7*g**2 + 5*g + 5. Give m(7).
40
Let b(t) = -7*t**3 - 2*t**2 - 3*t + 4. Give b(1).
-8
Let v(n) = n**3 + 3*n**2 - 6*n + 5. Give v(2).
13
Let c(i) = -2*i**2 - 12*i - 17. Calculate c(-5).
-7
Let t(p) = 3*p**2 - 57*p + 16. Determine t(18).
-38
Let i(m) = -m**3 + 6*m**2 - m - 2. Calculate i(6).
-8
Let j(b) = 2*b**2 + b - 20. Give j(-7).
71
Let j(d) = d**3 - d**2 + d + 8. What is j(0)?
8
Let k(q) = -q**3 - 12*q**2 - 9*q + 36. Give k(-11).
14
Let z(q) = q**3 - 3*q**2 - 16*q - 2. What is z(6)?
10
Let w(k) = -k**3 + 15*k**2 - 13*k + 1. Give w(14).
15
Let h(c) = 6*c + 1. Determine h(1).
7
Let n(p) = -3*p - 2. Determine n(-6).
16
Let a(h) = h**2 + 11*h + 22. What is a(-10)?
12
Let w(j) = 2*j**3 - 28*j**2 - 33*j + 44. Calculate w(15).
-1
Let u(g) = -g**3 + 11*g**2 - g + 10. Give u(11).
-1
Let w(o) = -o**2 - 3*o + 13. Determine w(-5).
3
Let w(z) = z**2 + 9*z + 25. Give w(-5).
5
Let f(o) = 16*o + 1. Determine f(4).
65
Let n(m) = -14*m + 2. Determine n(-1).
16
Let r(k) = -k**2 + 20*k - 22. Calculate r(10).
78
Let x(p) = -58*p + 1. Give x(1).
-57
Let w(u) = u**2 + 10*u + 17. Give w(-8).
1
Let p(z) = -z. What is p(8)?
-8
Let t(d) = d**3 - 14*d**2 + 23*d - 8. Calculate t(12).
-20
Let r(m) = -2*m**2 - 13*m + 51. What is r(-9)?
6
Let l(p) = -6*p - 5. Give l(-8).
43
Let y(l) = l**2 + 8*l + 1. What is y(-8)?
1
Let m(n) = 3*n - 18. Give m(-16).
-66
Let f(b) = -65*b + 134. Give f(2).
4
Let z(d) = d**3 - 10*d - 4. What is z(4)?
20
Let w(d) = d**3 - 30. Calculate w(0).
-30
Let w(j) = -j**3 + j**2 + 3*j. Calculate w(2).
2
Let w(q) = -q**3 - 9*q**2 - 8*q + 30. Give w(-7).
-12
Let b(i) = -i**3 + 16*i**2 - 28*i - 7. Calculate b(14).
-7
Let i(r) = 7*r**2 - r + 10. Give i(3).
70
Let i(f) = -f**3 - 14*f**2 - 25*f - 28. Calculate i(-12).
-16
Let x(i) = 8*i + 59. What is x(-8)?
-5
Let m(y) = -y**3 - 10*y**2 - 10*y - 9. Give m(-9).
0
Let i(d) = -d**3 + d**2 - 4*d + 28. Calculate i(0).
28
Let m(h) = h**3 - 9*h**2 + 8*h + 44. Give m(7).
2
Let l(a) = 7*a**2 + 3*a - 2. What is l(2)?
32
Let n(s) = 5*s**3 - 2*s**2 + 4*s + 1. Give n(2).
41
Let y(k) = k**3 - 13*k**2 + 11*k + 16. Give y(12).
4
Let y(t) = -t**3 - 9*t**2 - 8*t - 9. Determine y(-5).
-69
Let u(t) = -20*t + 40. Calculate u(0).
40
Let m(s) = 2*s**2 + 8*s - 2. Determine m(-4).
-2
Let x(s) = 3*s**2 - 16*s - 10. Determine x(6).
2
Let j(y) = 2*y**3 + 22*y**2 - y - 7. What is j(-11)?
4
Let a(t) = 2*t**3 + 23*t**2 - 15*t - 42. Determine a(-12).
-6
Let t(c) = -c**3 - 5*c**2 + 33*c - 20. What is t(-9)?
7
Let t(g) = -g**3 + 21*g**2 - 18*g - 32. Determine t(20).
8
Let d(v) = -4*v**2 + 12*v + 4. Determine d(4).
-12
Let r(o) = -2*o**2 + 5*o - 4. What is r(2)?
-2
Let s(a) = 2*a. Determine s(-5).
-10
Let d(l) = l**3 - 10*l**2 - 13*l + 17. What is d(11)?
-5
Let h(w) = -w + 4. What is h(-9)?
13
Let v(z) = 3*z**2 - 73*z + 21. Calculate v(24).
-3
Let h(k) = -10*k - 62. What is h(-6)?
-2
Let q(v) = v**2 - 3*v - 9. What is q(6)?
9
Let b(k) = -k - 4. Calculate b(18).
-22
Let f(g) = g**3 + 6*g**2 + 2*g - 9. Calculate f(-5).
6
Let s(d) = 8*d + 45. What is s(-7)?
-11
Let x(p) = p**3 - 3*p**2 - 3*p + 7. What is x(4)?
11
Let p(j) = -14*j**2 + 1. Give p(-1).
-13
Let c(t) = -t**2 - 23*t + 16. What is c(-17)?
118
Let r(k) = -2*k + 2. What is r(-8)?
18
Let u(y) = -4*y - 5. Determine u(-3).
7
Let t(m) = -46*m**3 + 1. Calculate t(1).
-45
Let q(d) = 6*d + 3. Calculate q(-4).
-21
Let s(i) = -i**3 - 7*i**2 + 4*i + 5. What is s(-6)?
-55
Let l(z) = 2*z**2 + 31*z - 1. What is l(-16)?
15
Let u(d) = 13*d + 9. Determine u(-3).
-30
Let z(d) = d**2 + 2*d. Give z(3).
15
Let q(r) = -8*r + 30. Determine q(-9).
102
Let m(n) = 40*n + 3. Calculate m(-1).
-37
Let u(k) = -2*k**2 + 3*k - 7. What is u(0)?
-7
Let u(a) = a**2 - 15*a - 76. Determine u(-5).
24
Let v(n) = 2*n**3 - 8*n**2 - 17*n + 4. Calculate v(6).
46
Let w(g) = -7*g**3 - 4*g - 4. What is w(-1)?
7
Let x(c) = -9*c - 12. What is x(-9)?
69
Let j(q) = -43*q - 168. Determine j(-4).
4
Let y(g) = -3*g. What is y(-4)?
12
Let u(c) = 2*c**2 - 9*c + 9. Calculate u(6).
27
Let k(f) = 2*f**3 - 4*f**2 - 2. Calculate k(2).
-2
Let o(q) = -q**3 - 10*q**2 + q - 1. Give o(-11).
109
Let u(i) = 14*i + 178. Determine u(-14).
-18
Let j(l) = l**2 - 20*l + 8. Determine j(20).
8
Let f(i) = 4*i + 26. Give f(-7).
-2
Let r(f) = 8*f + 9. What is r(-7)?
-47
Let h(r) = 5*r**2 - 17*r + 28. Determine h(5).
68
Let r(s) = 2*s**2 + 2*s. Determine r(2).
12
Let o(k) = k**3 + k**2 + 2*k + 1. Give o(-2).
-7
Let x(h) = -2*h - 73. Give x(-34).
-5
Let x(d) = -2*d**2 + 55*d + 170. Calculate x(-3).
-13
Let n(m) = m**3 + 7*m**2 - 9*m + 10. Determine n(-8).
18
Let l(t) = 4*t - 18. Give l(5).
2
Let a(r) = -2*r + 18. Give a(5).
8
Let m(u) = -u**2 - 8*u 